576 (base 12) in base 4?
11032110222
Convert -340044210 (base 5) to base 14.
-2aa0d0
3220020101 (base 5) to base 14
c8d663
Convert -22b9138 (base 12) to base 16.
-66707c
What is 63626 (base 13) in base 7?
1343606
Convert -25721355 (base 8) to base 10.
-5743341
What is -240214 (base 8) in base 14?
-21c96
33510226 (base 7) to base 4
23012132302
-1001001010001010 (base 2) to base 15
-b1ae
Convert -2221122013 (base 4) to base 6.
-22512251
Convert -102202121201 (base 3) to base 12.
-b1bb4
-35061514 (base 7) to base 3
-12210011120101
Convert 1261563 (base 8) to base 5.
42300024
12110122222 (base 3) to base 9
173588
Convert 2132a08 (base 11) to base 2.
1110010100000000101000
18771735 (base 9) to base 11
53a5895
Convert -1261005 (base 7) to base 10.
-166017
What is -35034 (base 9) in base 10?
-23359
11100101111111001010 (base 2) to base 3
1202212012212
-201211111222 (base 3) to base 15
-7aa12
What is 10000000001111010101 (base 2) in base 12?
213b85
Convert 5401235 (base 7) to base 10.
655940
30223233 (base 4) to base 3
2122021010
What is -4b7050 (base 12) in base 2?
-100101101101001111100
Convert 21244b (base 15) to base 3.
2222010100222
Convert -24233103 (base 7) to base 12.
-881910
Convert 4335336 (base 7) to base 13.
157398
Convert 45cb0 (base 13) to base 6.
2421452
Convert -110e486 (base 16) to base 6.
-1435153354
Convert -30100130 (base 4) to base 15.
-ed1e
Convert 1448785 (base 9) to base 2.
11000011011001100101
Convert -23671274 (base 8) to base 14.
-9976c4
Convert 14021042 (base 6) to base 2.
1110010100110010010
Convert 10625806 (base 9) to base 3.
100200212220020
What is -11000000011101110 (base 2) in base 12?
-4903a
Convert -1215324 (base 13) to base 11.
-3191536
What is 12b8438 (base 15) in base 8?
63363673
What is -214018 (base 13) in base 15?
-106171
Convert -3b173 (base 14) to base 10.
-145729
92353 (base 14) to base 15
6e3e8
24428 (base 9) to base 13
75c8
What is -130a66 (base 13) in base 15?
-90dd5
What is -12300111 (base 4) in base 12?
-14019
What is 10233442 (base 10) in base 8?
47023142
What is -100110001010011001 (base 2) in base 14?
-40d73
What is 11102422 (base 7) in base 2?
11101010000110110001
What is 49d5c7 (base 14) in base 16?
26a9eb
What is -177157 (base 8) in base 7?
-360620
What is 118750 (base 11) in base 10?
187242
Convert 849760 (base 13) to base 6.
150321514
What is 2602758 (base 10) in base 14?
4ba754
What is 431380 (base 9) in base 7?
2120022
Convert 1130167 (base 8) to base 3.
120121120012
1d5a87 (base 14) to base 16
101167
What is -1218375 (base 9) in base 12?
-27b2ab
3653154 (base 8) to base 7
11354336
Convert -7922 (base 12) to base 6.
-142042
What is 148a5f (base 16) in base 3?
2112101120011
24342434 (base 5) to base 2
111000011001010010
What is 91644 (base 10) in base 2?
10110010111111100
Convert -43094 (base 13) to base 9.
-203825
114850 (base 10) to base 15
2406a
-123432404 (base 5) to base 13
-183c61
What is 24510550 (base 7) in base 10?
2204398
Convert -9528 (base 11) to base 13.
-5984
188648 (base 12) to base 14
b2720
-1f3fd (base 16) to base 15
-27dd2
Convert 1127705 (base 8) to base 3.
120121022121
-371058 (base 12) to base 3
-1200101120112
What is 40470f (base 16) in base 2?
10000000100011100001111
Convert -2110011110220 (base 3) to base 6.
-43525210
What is 10010000100000100011 (base 2) in base 3?
1010001221111
601295 (base 11) to base 14
1b2a99
What is -197529 (base 11) in base 8?
-1117265
What is 253c (base 16) in base 6?
112044
What is 2500315 (base 6) in base 10?
132311
Convert 7b474 (base 12) to base 7.
1254352
10010111111000011001 (base 2) to base 12
260021
What is -205c94 (base 14) in base 4?
-10022210022
-4140223 (base 5) to base 6
-1243404
1452221 (base 6) to base 10
84757
2706712 (base 8) to base 13
206859
What is -207027 (base 9) in base 10?
-123226
Convert 1620235 (base 7) to base 9.
370421
Convert -1183271 (base 9) to base 6.
-21455531
Convert 124222 (base 5) to base 9.
6685
-4260a (base 11) to base 4
-33020022
133102 (base 9) to base 14
2173c
Convert -a3278 (base 12) to base 14.
-5784c
-245531004 (base 6) to base 13
-ca6570
Convert 756634 (base 9) to base 11.
288966
-1223211103 (base 4) to base 12
-193017
81ab37 (base 14) to base 10
4370653
What is 3099171 (base 10) in base 4?
23310220203
What is -203201030 (base 4) in base 10?
-145484
37ab7 (base 13) to base 6
2112222
Convert 6756154 (base 8) to base 14.
3575b6
What is -1011110001111100110010 (base 2) in base 14?
-5a5602
Convert -250203500 (base 6) to base 3.
-22222121110200
Convert -94600 (base 10) to base 9.
-153681
Convert -2124061 (base 7) to base 13.
-9076c
220323012 (base 4) to base 5
20330442
243d8 (base 16) to base 13
52746
-23313032 (base 4) to base 13
-19169
What is 12110124 (base 7) in base 10?
1078116
-61504 (base 15) to base 11
-1a0661
2030123213 (base 5) to base 7
50143545
What is -a4354 (base 12) in base 14?
-583a8
1000010100101111001010000 (base 2) to base 6
1422054052
-42422042 (base 7) to base 12
-1258748
Convert 60469 (base 10) to base 16.
ec35
-4652242 (base 7) to base 10
-584257
What is -10101101111001011 (base 2) in base 14?
-24639
Convert -45111324 (base 7) to base 3.
-21100020201110
What is 12073076 (base 8) in base 16?
28763e
Convert 212012100020 (base 3) to base 14.
bc587
-7b246 (base 14) to base 7
-2355216
What is 30c88 (base 14) in base 5?
12231340
What is -1076657 (base 9) in base 13?
-17505a
-22435015 (base 6) to base 5
-134024032
Convert 314319 (base 14) to base 5.
411212400
What is 1621163 (base 11) in base 13?
75c288
Convert -1011100101011011 (base 2) to base 10.
-47451
Convert 741609 (base 11) to base 5.
301003422
3032531 (base 6) to base 8
432147
What is b96a5a (base 12) in base 13?
7ba297
Convert -155583 (base 9) to base 8.
-273353
Convert -14e64 (base 16) to base 4.
-110321210
Convert -518a5a (base 15) to base 8.
-16623743
What is -1001200121110000 (base 3) in base 10?
-15246630
-1034420 (base 7) to base 14
-34110
Convert 1541506 (base 12) to base 5.
2101044132
What is -849ab4 (base 14) in base 8?
-21063776
Convert 88820 (base 9) to base 7.
333654
Convert -2002210101210 (base 3) to base 5.
-241232343
10011110111010110100 (base 2) to base 9
1201817
Convert 6257764 (base 9) to base 11.
19853a1
-2d5259 (base 15) to base 16
-217b6c
What is 111121002 (base 3) in base 11?
74a0
Convert -1022507 (base 9) to base 10.
-546433
Convert -bd4a6c (base 14) to base 9.
-13077222
1425522 (base 7) to base 16
2eca7
What is 3111213231 (base 4) in base 7?
10302663
-110022333 (base 4) to base 16
-142bf
-22130320333 (base 4) to base 2
-1010011100111000111111
Convert -121843 (base 11) to base 10.
-192679
344224340 (base 5) to base 14
2c6974
Convert 3a540 (base 11) to base 6.
1123550
14146206 (base 7) to base 16
142ed8
Convert 12211221101 (base 3) to base 2.
11100000111000010
-100010101001001001 (base 2) to base 12
-6a149
Convert 26a92a (base 16) to base 11.
1480650
What is 2b22 (base 16) in base 9?
16128
What is -151800 (base 9) in base 7?
-535545
Convert -1414411004 (base 5) to base 14.
-6b73d6
7608c1 (base 14) to base 13
a9c3b8
-2963a2 (base 15) to base 2
-111100111001010111100
What is 42459 (base 10) in base 7?
234534
Convert 1025405 (base 8) to base 10.
273157
What is -15a367 (base 14) in base 5?
-143224043
-162960 (base 14) to base 9
-1412000
138781 (base 10) to base 7
1115416
What is -5815688 (base 9) in base 6?
-151150425
Convert -112200222202 (base 3) to base 10.
-289406
-42113132 (base 5) to base 16
-54f0d
-13625230 (base 7) to base 9
-2366241
What is -264a5 (base 12) in base 6?
-1043125
Convert 11011100011100110100011 (base 2) to base 8.
33434643
What is 82405 (base 12) in base 8?
513705
What is -110111110011111100100 (base 2) in base 8?
-6763744
What is 13bd6 (base 15) in base 9?
106003
1247426 (base 9) to base 12
28a296
3144430103 (base 5) to base 14
c4b871
What is 14953e (base 16) in base 13?
382ca7
What is 102443503 (base 6) in base 3?
10101221220210
Convert -118034 (base 10) to base 4.
-130310102
What is 11a6fe (base 16) in base 2?
100011010011011111110
What is -23a82 (base 15) in base 3?
-12210000212
2541037 (base 8) to base 15
ddd8a
What is 110405255 (base 6) in base 7?
22634060
Convert -1204204 (base 7) to base 4.
-211102201
Convert -505edb (base 16) to base 6.
-304521003
What is 3696778 (base 11) in b